{"id":569,"date":"2023-04-04T15:15:05","date_gmt":"2023-04-04T15:15:05","guid":{"rendered":"https:\/\/bolognaballetcompetition.com\/jury\/aja-jung\/"},"modified":"2024-06-05T21:49:56","modified_gmt":"2024-06-05T21:49:56","slug":"aja-jung","status":"publish","type":"jury","link":"https:\/\/bolognaballetcompetition.com\/it\/jury\/aja-jung\/","title":{"rendered":"Aja Jung"},"content":{"rendered":"<p>Born in Belgrade in 1972, Aja Jung graduated from the class of ballet pedagogue Marija Jankovi\u0107 at the State Ballet School in her home town. She received a two-year scholarship from the Joffrey Ballet School in New York in 1988. During her training in New York, she was simultaneously involved in programs at the Julliard University, the Carnegie Hall\u2019s Neubert Ballet Institute and the Broadway Dance Center. Returning to Europe brings her a role in the Starlight Express musical in Bochum, Germany. Upon her return in Belgrade, she begins her career as a freelance dancer and choreographer, producing four full-evening works: Ophelia in the Mirror, produced by City Ballet and Atelje 212, Belgrade (premiere: Thessaloniki, Greece, August 1992 &#8211; Atelje 212, October 1992). Moi, La Meduse, production: City Ballet and Atelje 212, Belgrade, City Theater Corfu, Greece (premiere: Corfu, Greece, January 1994 &#8211; Atelje 212, February 1994), Zelle, production: City Ballet and Atelje 212 , Belgrade (premiere: Belgrade, Atelje 212, May 1999), The Josephine Baker\u2019s Story, City Ballet and Belgrade Drama Theater (premiere: New York, USA, August 2002 and Belgrade Drama Theater, October 2002). With this productions she presented herself on important festivals and stages around the world: New York, Toronto, Paris, Arles, Avignon, Athens, Larissa, Rodos, Corfu, Heraklion, Argostoli, La Spezia, Palermo, Bari, Bolzano, Lucca, Pietrasanta, Trieste, Bologna, Livorno, Moscow, Jalapa, Mexico City, Veracruz, Limassol, Nicosia, Kiev, Odessa, Caracas, Dakar, Edinburg, Kaunas, Yerevan, Krakow, Sibiu, Buckarest\u2026 As dancer and choreographer, she has received several important awards in Italy, Ukraine and Serbia.<br \/>\nShe was one of the founders and artistic director of Corfu Fest in Corfu (2002-2005). She is founder and director of the Belgrade Dance Festival established in 2003. At the very beginning, the Belgrade Dance Festival was awarded by the Jelena \u0160anti\u0107 Foundation, while UNESCO proclaimed it a flagship project in the field of culture in Southeast European region (2006), followed by admission to the World Dance Alliance under the auspices of ITI UNESCO. In 2011, the festival was organized under the auspices of the President of the Republic of Serbia and won the Star of Belgrade award by the European Integration Agency. The German magazine BalletTanz, in 2012, labeled the Belgrade Dance Festival as &#8220;the most representative manifestation of the old continent&#8221; and &#8220;trendsetter&#8221;. Since 2013, the Festival has been organized under the auspices of the EU Delegation to Serbia. In 2013, the monograph &#8220;Decadance \u2013 marked the 10th year of the Belgrade Dance Festival. From 2015 to 2017, the festival\u2019s realization was under the auspices of the Serbian Ministry of Culture. The latest editions of the Festival are attended by app 24.000 spectators and 120 accredited journalists.<br \/>\nAja Jung is the director of the National Dance Foundation, established in 2009 by the Ministry of Culture of the Republic of Serbia. The Foundation has launched the first private Ballet School, collaborating with well known ballet schools and institutions from Italy, Russia, China and Cuba, and bringing best teachers from abroad. The Foundation has produced several own productions of contemporary choreographers Dana Ruttenberg, Milo\u0161 Isailovi\u0107, Sta\u0161a Zurovac, Paolo Mangiola, Itsik Galili\u2026 and continuously organizes workshops, seminars and master courses of foreign educators. In 2017, the National Foundation\u2019s Ballet School has received accreditation by the Ministry of Education of the Republic of Serbia.<br \/>\nAja Jung has been the Vice President of the European Section of the World Dance Alliance &#8211; WDA Europe, ITI UNESCO, based in Rome since 2010. She holds many important international recognitions and she served several important roles in international and local organizations.<br \/>\nAccording to the decision of the French Minister of Culture, Audrey Azule, she was awarded the Knight of the Order of Arts and Literature in 2016. According to the decision of the President of Italy, Sergio Matarella, in 2018 she was awarded the highest Italian national decoration in the field of culture, the Order of the Italian Star.<\/p>\n","protected":false},"featured_media":492,"template":"","class_list":["post-569","jury","type-jury","status-publish","has-post-thumbnail","hentry"],"acf":[],"yoast_head":"<!-- This site is optimized with the Yoast SEO plugin v27.4 - https:\/\/yoast.com\/product\/yoast-seo-wordpress\/ -->\n<title>Aja Jung - Bologna ballet competition<\/title>\n<meta name=\"robots\" content=\"index, follow, max-snippet:-1, max-image-preview:large, max-video-preview:-1\" \/>\n<link rel=\"canonical\" href=\"https:\/\/bolognaballetcompetition.com\/it\/jury\/aja-jung\/\" \/>\n<meta property=\"og:locale\" content=\"it_IT\" \/>\n<meta property=\"og:type\" content=\"article\" \/>\n<meta property=\"og:title\" content=\"Aja Jung - Bologna ballet competition\" \/>\n<meta property=\"og:description\" content=\"Born in Belgrade in 1972, Aja Jung graduated from the class of ballet pedagogue Marija Jankovi\u0107 at the State Ballet School in her home town. She received a two-year scholarship from the Joffrey Ballet School in New York in 1988. During her training in New York, she was simultaneously involved in programs at the Julliard [&hellip;]\" \/>\n<meta property=\"og:url\" content=\"https:\/\/bolognaballetcompetition.com\/it\/jury\/aja-jung\/\" \/>\n<meta property=\"og:site_name\" content=\"Bologna ballet competition\" \/>\n<meta property=\"article:modified_time\" content=\"2024-06-05T21:49:56+00:00\" \/>\n<meta property=\"og:image\" content=\"https:\/\/bolognaballetcompetition.com\/wp-content\/uploads\/2023\/04\/aja-jung.webp\" \/>\n\t<meta property=\"og:image:width\" content=\"400\" \/>\n\t<meta property=\"og:image:height\" content=\"400\" \/>\n\t<meta property=\"og:image:type\" content=\"image\/webp\" \/>\n<meta name=\"twitter:card\" content=\"summary_large_image\" \/>\n<meta name=\"twitter:label1\" content=\"Tempo di lettura stimato\" \/>\n\t<meta name=\"twitter:data1\" content=\"3 minuti\" \/>\n<script type=\"application\/ld+json\" class=\"yoast-schema-graph\">{\"@context\":\"https:\\\/\\\/schema.org\",\"@graph\":[{\"@type\":\"WebPage\",\"@id\":\"https:\\\/\\\/bolognaballetcompetition.com\\\/it\\\/jury\\\/aja-jung\\\/\",\"url\":\"https:\\\/\\\/bolognaballetcompetition.com\\\/it\\\/jury\\\/aja-jung\\\/\",\"name\":\"Aja Jung - Bologna ballet competition\",\"isPartOf\":{\"@id\":\"https:\\\/\\\/bolognaballetcompetition.com\\\/it\\\/#website\"},\"primaryImageOfPage\":{\"@id\":\"https:\\\/\\\/bolognaballetcompetition.com\\\/it\\\/jury\\\/aja-jung\\\/#primaryimage\"},\"image\":{\"@id\":\"https:\\\/\\\/bolognaballetcompetition.com\\\/it\\\/jury\\\/aja-jung\\\/#primaryimage\"},\"thumbnailUrl\":\"https:\\\/\\\/bolognaballetcompetition.com\\\/wp-content\\\/uploads\\\/2023\\\/04\\\/aja-jung.webp\",\"datePublished\":\"2023-04-04T15:15:05+00:00\",\"dateModified\":\"2024-06-05T21:49:56+00:00\",\"breadcrumb\":{\"@id\":\"https:\\\/\\\/bolognaballetcompetition.com\\\/it\\\/jury\\\/aja-jung\\\/#breadcrumb\"},\"inLanguage\":\"it-IT\",\"potentialAction\":[{\"@type\":\"ReadAction\",\"target\":[\"https:\\\/\\\/bolognaballetcompetition.com\\\/it\\\/jury\\\/aja-jung\\\/\"]}]},{\"@type\":\"ImageObject\",\"inLanguage\":\"it-IT\",\"@id\":\"https:\\\/\\\/bolognaballetcompetition.com\\\/it\\\/jury\\\/aja-jung\\\/#primaryimage\",\"url\":\"https:\\\/\\\/bolognaballetcompetition.com\\\/wp-content\\\/uploads\\\/2023\\\/04\\\/aja-jung.webp\",\"contentUrl\":\"https:\\\/\\\/bolognaballetcompetition.com\\\/wp-content\\\/uploads\\\/2023\\\/04\\\/aja-jung.webp\",\"width\":400,\"height\":400},{\"@type\":\"BreadcrumbList\",\"@id\":\"https:\\\/\\\/bolognaballetcompetition.com\\\/it\\\/jury\\\/aja-jung\\\/#breadcrumb\",\"itemListElement\":[{\"@type\":\"ListItem\",\"position\":1,\"name\":\"Home\",\"item\":\"https:\\\/\\\/bolognaballetcompetition.com\\\/it\\\/\"},{\"@type\":\"ListItem\",\"position\":2,\"name\":\"Aja Jung\"}]},{\"@type\":\"WebSite\",\"@id\":\"https:\\\/\\\/bolognaballetcompetition.com\\\/it\\\/#website\",\"url\":\"https:\\\/\\\/bolognaballetcompetition.com\\\/it\\\/\",\"name\":\"Bologna ballet competition\",\"description\":\"\",\"publisher\":{\"@id\":\"https:\\\/\\\/bolognaballetcompetition.com\\\/it\\\/#organization\"},\"potentialAction\":[{\"@type\":\"SearchAction\",\"target\":{\"@type\":\"EntryPoint\",\"urlTemplate\":\"https:\\\/\\\/bolognaballetcompetition.com\\\/it\\\/?s={search_term_string}\"},\"query-input\":{\"@type\":\"PropertyValueSpecification\",\"valueRequired\":true,\"valueName\":\"search_term_string\"}}],\"inLanguage\":\"it-IT\"},{\"@type\":\"Organization\",\"@id\":\"https:\\\/\\\/bolognaballetcompetition.com\\\/it\\\/#organization\",\"name\":\"Bologna ballet competition\",\"url\":\"https:\\\/\\\/bolognaballetcompetition.com\\\/it\\\/\",\"logo\":{\"@type\":\"ImageObject\",\"inLanguage\":\"it-IT\",\"@id\":\"https:\\\/\\\/bolognaballetcompetition.com\\\/it\\\/#\\\/schema\\\/logo\\\/image\\\/\",\"url\":\"https:\\\/\\\/bolognaballetcompetition.com\\\/wp-content\\\/uploads\\\/2023\\\/02\\\/bologna-ballet-competition.svg\",\"contentUrl\":\"https:\\\/\\\/bolognaballetcompetition.com\\\/wp-content\\\/uploads\\\/2023\\\/02\\\/bologna-ballet-competition.svg\",\"width\":390,\"height\":130,\"caption\":\"Bologna ballet competition\"},\"image\":{\"@id\":\"https:\\\/\\\/bolognaballetcompetition.com\\\/it\\\/#\\\/schema\\\/logo\\\/image\\\/\"}}]}<\/script>\n<!-- \/ Yoast SEO plugin. -->","yoast_head_json":{"title":"Aja Jung - Bologna ballet competition","robots":{"index":"index","follow":"follow","max-snippet":"max-snippet:-1","max-image-preview":"max-image-preview:large","max-video-preview":"max-video-preview:-1"},"canonical":"https:\/\/bolognaballetcompetition.com\/it\/jury\/aja-jung\/","og_locale":"it_IT","og_type":"article","og_title":"Aja Jung - Bologna ballet competition","og_description":"Born in Belgrade in 1972, Aja Jung graduated from the class of ballet pedagogue Marija Jankovi\u0107 at the State Ballet School in her home town. She received a two-year scholarship from the Joffrey Ballet School in New York in 1988. During her training in New York, she was simultaneously involved in programs at the Julliard [&hellip;]","og_url":"https:\/\/bolognaballetcompetition.com\/it\/jury\/aja-jung\/","og_site_name":"Bologna ballet competition","article_modified_time":"2024-06-05T21:49:56+00:00","og_image":[{"width":400,"height":400,"url":"https:\/\/bolognaballetcompetition.com\/wp-content\/uploads\/2023\/04\/aja-jung.webp","type":"image\/webp"}],"twitter_card":"summary_large_image","twitter_misc":{"Tempo di lettura stimato":"3 minuti"},"schema":{"@context":"https:\/\/schema.org","@graph":[{"@type":"WebPage","@id":"https:\/\/bolognaballetcompetition.com\/it\/jury\/aja-jung\/","url":"https:\/\/bolognaballetcompetition.com\/it\/jury\/aja-jung\/","name":"Aja Jung - Bologna ballet competition","isPartOf":{"@id":"https:\/\/bolognaballetcompetition.com\/it\/#website"},"primaryImageOfPage":{"@id":"https:\/\/bolognaballetcompetition.com\/it\/jury\/aja-jung\/#primaryimage"},"image":{"@id":"https:\/\/bolognaballetcompetition.com\/it\/jury\/aja-jung\/#primaryimage"},"thumbnailUrl":"https:\/\/bolognaballetcompetition.com\/wp-content\/uploads\/2023\/04\/aja-jung.webp","datePublished":"2023-04-04T15:15:05+00:00","dateModified":"2024-06-05T21:49:56+00:00","breadcrumb":{"@id":"https:\/\/bolognaballetcompetition.com\/it\/jury\/aja-jung\/#breadcrumb"},"inLanguage":"it-IT","potentialAction":[{"@type":"ReadAction","target":["https:\/\/bolognaballetcompetition.com\/it\/jury\/aja-jung\/"]}]},{"@type":"ImageObject","inLanguage":"it-IT","@id":"https:\/\/bolognaballetcompetition.com\/it\/jury\/aja-jung\/#primaryimage","url":"https:\/\/bolognaballetcompetition.com\/wp-content\/uploads\/2023\/04\/aja-jung.webp","contentUrl":"https:\/\/bolognaballetcompetition.com\/wp-content\/uploads\/2023\/04\/aja-jung.webp","width":400,"height":400},{"@type":"BreadcrumbList","@id":"https:\/\/bolognaballetcompetition.com\/it\/jury\/aja-jung\/#breadcrumb","itemListElement":[{"@type":"ListItem","position":1,"name":"Home","item":"https:\/\/bolognaballetcompetition.com\/it\/"},{"@type":"ListItem","position":2,"name":"Aja Jung"}]},{"@type":"WebSite","@id":"https:\/\/bolognaballetcompetition.com\/it\/#website","url":"https:\/\/bolognaballetcompetition.com\/it\/","name":"Bologna ballet competition","description":"","publisher":{"@id":"https:\/\/bolognaballetcompetition.com\/it\/#organization"},"potentialAction":[{"@type":"SearchAction","target":{"@type":"EntryPoint","urlTemplate":"https:\/\/bolognaballetcompetition.com\/it\/?s={search_term_string}"},"query-input":{"@type":"PropertyValueSpecification","valueRequired":true,"valueName":"search_term_string"}}],"inLanguage":"it-IT"},{"@type":"Organization","@id":"https:\/\/bolognaballetcompetition.com\/it\/#organization","name":"Bologna ballet competition","url":"https:\/\/bolognaballetcompetition.com\/it\/","logo":{"@type":"ImageObject","inLanguage":"it-IT","@id":"https:\/\/bolognaballetcompetition.com\/it\/#\/schema\/logo\/image\/","url":"https:\/\/bolognaballetcompetition.com\/wp-content\/uploads\/2023\/02\/bologna-ballet-competition.svg","contentUrl":"https:\/\/bolognaballetcompetition.com\/wp-content\/uploads\/2023\/02\/bologna-ballet-competition.svg","width":390,"height":130,"caption":"Bologna ballet competition"},"image":{"@id":"https:\/\/bolognaballetcompetition.com\/it\/#\/schema\/logo\/image\/"}}]}},"_links":{"self":[{"href":"https:\/\/bolognaballetcompetition.com\/it\/wp-json\/wp\/v2\/jury\/569","targetHints":{"allow":["GET"]}}],"collection":[{"href":"https:\/\/bolognaballetcompetition.com\/it\/wp-json\/wp\/v2\/jury"}],"about":[{"href":"https:\/\/bolognaballetcompetition.com\/it\/wp-json\/wp\/v2\/types\/jury"}],"wp:featuredmedia":[{"embeddable":true,"href":"https:\/\/bolognaballetcompetition.com\/it\/wp-json\/wp\/v2\/media\/492"}],"wp:attachment":[{"href":"https:\/\/bolognaballetcompetition.com\/it\/wp-json\/wp\/v2\/media?parent=569"}],"curies":[{"name":"wp","href":"https:\/\/api.w.org\/{rel}","templated":true}]}}

<p>Born in Belgrade in 1972, Aja Jung graduated from the class of ballet pedagogue Marija Janković at the State Ballet School in her home town. She received a two-year scholarship from the Joffrey Ballet School in New York in 1988. During her training in New York, she was simultaneously involved in programs at the Julliard University, the Carnegie Hall’s Neubert Ballet Institute and the Broadway Dance Center. Returning to Europe brings her a role in the Starlight Express musical in Bochum, Germany. Upon her return in Belgrade, she begins her career as a freelance dancer and choreographer, producing four full-evening works: Ophelia in the Mirror, produced by City Ballet and Atelje 212, Belgrade (premiere: Thessaloniki, Greece, August 1992 &#8211; Atelje 212, October 1992). Moi, La Meduse, production: City Ballet and Atelje 212, Belgrade, City Theater Corfu, Greece (premiere: Corfu, Greece, January 1994 &#8211; Atelje 212, February 1994), Zelle, production: City Ballet and Atelje 212 , Belgrade (premiere: Belgrade, Atelje 212, May 1999), The Josephine Baker’s Story, City Ballet and Belgrade Drama Theater (premiere: New York, USA, August 2002 and Belgrade Drama Theater, October 2002). With this productions she presented herself on important festivals and stages around the world: New York, Toronto, Paris, Arles, Avignon, Athens, Larissa, Rodos, Corfu, Heraklion, Argostoli, La Spezia, Palermo, Bari, Bolzano, Lucca, Pietrasanta, Trieste, Bologna, Livorno, Moscow, Jalapa, Mexico City, Veracruz, Limassol, Nicosia, Kiev, Odessa, Caracas, Dakar, Edinburg, Kaunas, Yerevan, Krakow, Sibiu, Buckarest… As dancer and choreographer, she has received several important awards in Italy, Ukraine and Serbia.<br />
She was one of the founders and artistic director of Corfu Fest in Corfu (2002-2005). She is founder and director of the Belgrade Dance Festival established in 2003. At the very beginning, the Belgrade Dance Festival was awarded by the Jelena Šantić Foundation, while UNESCO proclaimed it a flagship project in the field of culture in Southeast European region (2006), followed by admission to the World Dance Alliance under the auspices of ITI UNESCO. In 2011, the festival was organized under the auspices of the President of the Republic of Serbia and won the Star of Belgrade award by the European Integration Agency. The German magazine BalletTanz, in 2012, labeled the Belgrade Dance Festival as &#8220;the most representative manifestation of the old continent&#8221; and &#8220;trendsetter&#8221;. Since 2013, the Festival has been organized under the auspices of the EU Delegation to Serbia. In 2013, the monograph &#8220;Decadance – marked the 10th year of the Belgrade Dance Festival. From 2015 to 2017, the festival’s realization was under the auspices of the Serbian Ministry of Culture. The latest editions of the Festival are attended by app 24.000 spectators and 120 accredited journalists.<br />
Aja Jung is the director of the National Dance Foundation, established in 2009 by the Ministry of Culture of the Republic of Serbia. The Foundation has launched the first private Ballet School, collaborating with well known ballet schools and institutions from Italy, Russia, China and Cuba, and bringing best teachers from abroad. The Foundation has produced several own productions of contemporary choreographers Dana Ruttenberg, Miloš Isailović, Staša Zurovac, Paolo Mangiola, Itsik Galili… and continuously organizes workshops, seminars and master courses of foreign educators. In 2017, the National Foundation’s Ballet School has received accreditation by the Ministry of Education of the Republic of Serbia.<br />
Aja Jung has been the Vice President of the European Section of the World Dance Alliance &#8211; WDA Europe, ITI UNESCO, based in Rome since 2010. She holds many important international recognitions and she served several important roles in international and local organizations.<br />
According to the decision of the French Minister of Culture, Audrey Azule, she was awarded the Knight of the Order of Arts and Literature in 2016. According to the decision of the President of Italy, Sergio Matarella, in 2018 she was awarded the highest Italian national decoration in the field of culture, the Order of the Italian Star.</p>

<!-- This site is optimized with the Yoast SEO plugin v27.4 - https://yoast.com/product/yoast-seo-wordpress/ -->
<title>Aja Jung - Bologna ballet competition</title>
<meta name="robots" content="index, follow, max-snippet:-1, max-image-preview:large, max-video-preview:-1" />
<link rel="canonical" href="https://bolognaballetcompetition.com/it/jury/aja-jung/" />
<meta property="og:locale" content="it_IT" />
<meta property="og:type" content="article" />
<meta property="og:title" content="Aja Jung - Bologna ballet competition" />
<meta property="og:description" content="Born in Belgrade in 1972, Aja Jung graduated from the class of ballet pedagogue Marija Janković at the State Ballet School in her home town. She received a two-year scholarship from the Joffrey Ballet School in New York in 1988. During her training in New York, she was simultaneously involved in programs at the Julliard [&hellip;]" />
<meta property="og:url" content="https://bolognaballetcompetition.com/it/jury/aja-jung/" />
<meta property="og:site_name" content="Bologna ballet competition" />
<meta property="article:modified_time" content="2024-06-05T21:49:56+00:00" />
<meta property="og:image" content="https://bolognaballetcompetition.com/wp-content/uploads/2023/04/aja-jung.webp" />
	<meta property="og:image:width" content="400" />
	<meta property="og:image:height" content="400" />
	<meta property="og:image:type" content="image/webp" />
<meta name="twitter:card" content="summary_large_image" />
<meta name="twitter:label1" content="Tempo di lettura stimato" />
	<meta name="twitter:data1" content="3 minuti" />
<script type="application/ld+json" class="yoast-schema-graph">{"@context":"https:\/\/schema.org","@graph":[{"@type":"WebPage","@id":"https:\/\/bolognaballetcompetition.com\/it\/jury\/aja-jung\/","url":"https:\/\/bolognaballetcompetition.com\/it\/jury\/aja-jung\/","name":"Aja Jung - Bologna ballet competition","isPartOf":{"@id":"https:\/\/bolognaballetcompetition.com\/it\/#website"},"primaryImageOfPage":{"@id":"https:\/\/bolognaballetcompetition.com\/it\/jury\/aja-jung\/#primaryimage"},"image":{"@id":"https:\/\/bolognaballetcompetition.com\/it\/jury\/aja-jung\/#primaryimage"},"thumbnailUrl":"https:\/\/bolognaballetcompetition.com\/wp-content\/uploads\/2023\/04\/aja-jung.webp","datePublished":"2023-04-04T15:15:05+00:00","dateModified":"2024-06-05T21:49:56+00:00","breadcrumb":{"@id":"https:\/\/bolognaballetcompetition.com\/it\/jury\/aja-jung\/#breadcrumb"},"inLanguage":"it-IT","potentialAction":[{"@type":"ReadAction","target":["https:\/\/bolognaballetcompetition.com\/it\/jury\/aja-jung\/"]}]},{"@type":"ImageObject","inLanguage":"it-IT","@id":"https:\/\/bolognaballetcompetition.com\/it\/jury\/aja-jung\/#primaryimage","url":"https:\/\/bolognaballetcompetition.com\/wp-content\/uploads\/2023\/04\/aja-jung.webp","contentUrl":"https:\/\/bolognaballetcompetition.com\/wp-content\/uploads\/2023\/04\/aja-jung.webp","width":400,"height":400},{"@type":"BreadcrumbList","@id":"https:\/\/bolognaballetcompetition.com\/it\/jury\/aja-jung\/#breadcrumb","itemListElement":[{"@type":"ListItem","position":1,"name":"Home","item":"https:\/\/bolognaballetcompetition.com\/it\/"},{"@type":"ListItem","position":2,"name":"Aja Jung"}]},{"@type":"WebSite","@id":"https:\/\/bolognaballetcompetition.com\/it\/#website","url":"https:\/\/bolognaballetcompetition.com\/it\/","name":"Bologna ballet competition","description":"","publisher":{"@id":"https:\/\/bolognaballetcompetition.com\/it\/#organization"},"potentialAction":[{"@type":"SearchAction","target":{"@type":"EntryPoint","urlTemplate":"https:\/\/bolognaballetcompetition.com\/it\/?s={search_term_string}"},"query-input":{"@type":"PropertyValueSpecification","valueRequired":true,"valueName":"search_term_string"}}],"inLanguage":"it-IT"},{"@type":"Organization","@id":"https:\/\/bolognaballetcompetition.com\/it\/#organization","name":"Bologna ballet competition","url":"https:\/\/bolognaballetcompetition.com\/it\/","logo":{"@type":"ImageObject","inLanguage":"it-IT","@id":"https:\/\/bolognaballetcompetition.com\/it\/#\/schema\/logo\/image\/","url":"https:\/\/bolognaballetcompetition.com\/wp-content\/uploads\/2023\/02\/bologna-ballet-competition.svg","contentUrl":"https:\/\/bolognaballetcompetition.com\/wp-content\/uploads\/2023\/02\/bologna-ballet-competition.svg","width":390,"height":130,"caption":"Bologna ballet competition"},"image":{"@id":"https:\/\/bolognaballetcompetition.com\/it\/#\/schema\/logo\/image\/"}}]}</script>
<!-- / Yoast SEO plugin. -->

Born in Belgrade in 1972, Aja Jung graduated from the class of ballet pedagogue Marija Janković at the State Ballet School in her home town. She received a two-year scholarship from the Joffrey Ballet School in New York in 1988. During her training in New York, she was simultaneously involved in programs at the Julliard [&hellip;]
