{"id":571,"date":"2023-04-04T15:20:10","date_gmt":"2023-04-04T15:20:10","guid":{"rendered":"https:\/\/bolognaballetcompetition.com\/jury\/elek-tibor-zsolt\/"},"modified":"2023-05-16T17:46:21","modified_gmt":"2023-05-16T17:46:21","slug":"elek-tibor-zsolt","status":"publish","type":"jury","link":"https:\/\/bolognaballetcompetition.com\/it\/jury\/elek-tibor-zsolt\/","title":{"rendered":"Elek Tibor Zsolt"},"content":{"rendered":"<p>Nato nel 1971 in Ungheria. Studia all&#8217;Accademia di Danza Ungherese come ballerino classico dal 1983 al 1991.<br \/>\nHa iniziato la sua carriera come ballerino nella compagnia di balletto dell&#8217;Opera di Stato Ungherese e dal 1993 al 1996 \u00e8 stato ballerino alla Wiener Volksoper \u2013 Austria.<br \/>\nNel 1997 si trasferisce in Italia, dove diventa presto ballerino solista con la compagnia Astra Roma Ballet (1997-2000) e poi con il Balletto di Roma.<br \/>\nDurante i suoi anni in Italia \u00e8 stato socio fondatore e docente della scuola di ballo Centro Culturale danza fino al 2001. Presto \u00e8 tornato in Ungheria, dove si \u00e8 avvicinato al mondo della televisione come redattore-reporter per la televisione TV2.<br \/>\nNel 2005 \u00e8 entrato a far parte del coro del Teatro Nazionale di Gy\u0151r e ha lavorato come maestro di ballo presso la Scuola di danza e belle arti di Gy\u0151r e dal 2012 come capo della formazione pratica della scuola. Nel 2008 fonda le Scuole di Danza Classica a Komarno \u2013 Slovacchia dove realizza molte coreografie per bambini e collabora con la Compagnia Giovani Attori, dove realizza coreografie per la Compagnia per 3 anni. Nello stesso periodo ha aperto altre 2 scuole di ballo della sua citt\u00e0 con lo stesso nome di Classica Ballet School e con cui ha lavorato fino al 2018.<br \/>\nNel 2013 si \u00e8 diplomato presso l&#8217;Accademia di Danza Ungherese con un Master of Art MA in Danza Classica.<br \/>\nDal 2016 \u00e8 Maestro di Ballo presso la Ballettakademie der Wiener Staatsoper.<br \/>\nHa rappresentato l&#8217;Accademia come membro della giuria in diversi concorsi di balletto e ha tenuto corsi di balletto come maestro di balletto ospite per il Miskolc Ballet e il Gy\u0151r Ballet.<br \/>\nCome maestro di balletto ospite ha partecipato al corso estivo a Pirano, in Slovenia, e ai corsi di balletto organizzati dalla Belgrade Dance Foundation a Corf\u00f9 e Belgrado.<\/p>\n","protected":false},"featured_media":655,"template":"","class_list":["post-571","jury","type-jury","status-publish","has-post-thumbnail","hentry"],"acf":[],"yoast_head":"<!-- This site is optimized with the Yoast SEO plugin v27.4 - https:\/\/yoast.com\/product\/yoast-seo-wordpress\/ -->\n<title>Elek Tibor Zsolt - Bologna ballet competition<\/title>\n<meta name=\"robots\" content=\"index, follow, max-snippet:-1, max-image-preview:large, max-video-preview:-1\" \/>\n<link rel=\"canonical\" href=\"https:\/\/bolognaballetcompetition.com\/it\/jury\/elek-tibor-zsolt\/\" \/>\n<meta property=\"og:locale\" content=\"it_IT\" \/>\n<meta property=\"og:type\" content=\"article\" \/>\n<meta property=\"og:title\" content=\"Elek Tibor Zsolt - Bologna ballet competition\" \/>\n<meta property=\"og:description\" content=\"Nato nel 1971 in Ungheria. Studia all&#8217;Accademia di Danza Ungherese come ballerino classico dal 1983 al 1991. Ha iniziato la sua carriera come ballerino nella compagnia di balletto dell&#8217;Opera di Stato Ungherese e dal 1993 al 1996 \u00e8 stato ballerino alla Wiener Volksoper \u2013 Austria. Nel 1997 si trasferisce in Italia, dove diventa presto ballerino [&hellip;]\" \/>\n<meta property=\"og:url\" content=\"https:\/\/bolognaballetcompetition.com\/it\/jury\/elek-tibor-zsolt\/\" \/>\n<meta property=\"og:site_name\" content=\"Bologna ballet competition\" \/>\n<meta property=\"article:modified_time\" content=\"2023-05-16T17:46:21+00:00\" \/>\n<meta property=\"og:image\" content=\"https:\/\/bolognaballetcompetition.com\/wp-content\/uploads\/2023\/02\/elek-tibor-zsolt-1.webp\" \/>\n\t<meta property=\"og:image:width\" content=\"400\" \/>\n\t<meta property=\"og:image:height\" content=\"400\" \/>\n\t<meta property=\"og:image:type\" content=\"image\/webp\" \/>\n<meta name=\"twitter:card\" content=\"summary_large_image\" \/>\n<meta name=\"twitter:label1\" content=\"Tempo di lettura stimato\" \/>\n\t<meta name=\"twitter:data1\" content=\"1 minuto\" \/>\n<script type=\"application\/ld+json\" class=\"yoast-schema-graph\">{\"@context\":\"https:\\\/\\\/schema.org\",\"@graph\":[{\"@type\":\"WebPage\",\"@id\":\"https:\\\/\\\/bolognaballetcompetition.com\\\/it\\\/jury\\\/elek-tibor-zsolt\\\/\",\"url\":\"https:\\\/\\\/bolognaballetcompetition.com\\\/it\\\/jury\\\/elek-tibor-zsolt\\\/\",\"name\":\"Elek Tibor Zsolt - Bologna ballet competition\",\"isPartOf\":{\"@id\":\"https:\\\/\\\/bolognaballetcompetition.com\\\/it\\\/#website\"},\"primaryImageOfPage\":{\"@id\":\"https:\\\/\\\/bolognaballetcompetition.com\\\/it\\\/jury\\\/elek-tibor-zsolt\\\/#primaryimage\"},\"image\":{\"@id\":\"https:\\\/\\\/bolognaballetcompetition.com\\\/it\\\/jury\\\/elek-tibor-zsolt\\\/#primaryimage\"},\"thumbnailUrl\":\"https:\\\/\\\/bolognaballetcompetition.com\\\/wp-content\\\/uploads\\\/2023\\\/02\\\/elek-tibor-zsolt-1.webp\",\"datePublished\":\"2023-04-04T15:20:10+00:00\",\"dateModified\":\"2023-05-16T17:46:21+00:00\",\"breadcrumb\":{\"@id\":\"https:\\\/\\\/bolognaballetcompetition.com\\\/it\\\/jury\\\/elek-tibor-zsolt\\\/#breadcrumb\"},\"inLanguage\":\"it-IT\",\"potentialAction\":[{\"@type\":\"ReadAction\",\"target\":[\"https:\\\/\\\/bolognaballetcompetition.com\\\/it\\\/jury\\\/elek-tibor-zsolt\\\/\"]}]},{\"@type\":\"ImageObject\",\"inLanguage\":\"it-IT\",\"@id\":\"https:\\\/\\\/bolognaballetcompetition.com\\\/it\\\/jury\\\/elek-tibor-zsolt\\\/#primaryimage\",\"url\":\"https:\\\/\\\/bolognaballetcompetition.com\\\/wp-content\\\/uploads\\\/2023\\\/02\\\/elek-tibor-zsolt-1.webp\",\"contentUrl\":\"https:\\\/\\\/bolognaballetcompetition.com\\\/wp-content\\\/uploads\\\/2023\\\/02\\\/elek-tibor-zsolt-1.webp\",\"width\":400,\"height\":400},{\"@type\":\"BreadcrumbList\",\"@id\":\"https:\\\/\\\/bolognaballetcompetition.com\\\/it\\\/jury\\\/elek-tibor-zsolt\\\/#breadcrumb\",\"itemListElement\":[{\"@type\":\"ListItem\",\"position\":1,\"name\":\"Home\",\"item\":\"https:\\\/\\\/bolognaballetcompetition.com\\\/it\\\/\"},{\"@type\":\"ListItem\",\"position\":2,\"name\":\"Elek Tibor Zsolt\"}]},{\"@type\":\"WebSite\",\"@id\":\"https:\\\/\\\/bolognaballetcompetition.com\\\/it\\\/#website\",\"url\":\"https:\\\/\\\/bolognaballetcompetition.com\\\/it\\\/\",\"name\":\"Bologna ballet competition\",\"description\":\"\",\"publisher\":{\"@id\":\"https:\\\/\\\/bolognaballetcompetition.com\\\/it\\\/#organization\"},\"potentialAction\":[{\"@type\":\"SearchAction\",\"target\":{\"@type\":\"EntryPoint\",\"urlTemplate\":\"https:\\\/\\\/bolognaballetcompetition.com\\\/it\\\/?s={search_term_string}\"},\"query-input\":{\"@type\":\"PropertyValueSpecification\",\"valueRequired\":true,\"valueName\":\"search_term_string\"}}],\"inLanguage\":\"it-IT\"},{\"@type\":\"Organization\",\"@id\":\"https:\\\/\\\/bolognaballetcompetition.com\\\/it\\\/#organization\",\"name\":\"Bologna ballet competition\",\"url\":\"https:\\\/\\\/bolognaballetcompetition.com\\\/it\\\/\",\"logo\":{\"@type\":\"ImageObject\",\"inLanguage\":\"it-IT\",\"@id\":\"https:\\\/\\\/bolognaballetcompetition.com\\\/it\\\/#\\\/schema\\\/logo\\\/image\\\/\",\"url\":\"https:\\\/\\\/bolognaballetcompetition.com\\\/wp-content\\\/uploads\\\/2023\\\/02\\\/bologna-ballet-competition.svg\",\"contentUrl\":\"https:\\\/\\\/bolognaballetcompetition.com\\\/wp-content\\\/uploads\\\/2023\\\/02\\\/bologna-ballet-competition.svg\",\"width\":390,\"height\":130,\"caption\":\"Bologna ballet competition\"},\"image\":{\"@id\":\"https:\\\/\\\/bolognaballetcompetition.com\\\/it\\\/#\\\/schema\\\/logo\\\/image\\\/\"}}]}<\/script>\n<!-- \/ Yoast SEO plugin. -->","yoast_head_json":{"title":"Elek Tibor Zsolt - Bologna ballet competition","robots":{"index":"index","follow":"follow","max-snippet":"max-snippet:-1","max-image-preview":"max-image-preview:large","max-video-preview":"max-video-preview:-1"},"canonical":"https:\/\/bolognaballetcompetition.com\/it\/jury\/elek-tibor-zsolt\/","og_locale":"it_IT","og_type":"article","og_title":"Elek Tibor Zsolt - Bologna ballet competition","og_description":"Nato nel 1971 in Ungheria. Studia all&#8217;Accademia di Danza Ungherese come ballerino classico dal 1983 al 1991. Ha iniziato la sua carriera come ballerino nella compagnia di balletto dell&#8217;Opera di Stato Ungherese e dal 1993 al 1996 \u00e8 stato ballerino alla Wiener Volksoper \u2013 Austria. Nel 1997 si trasferisce in Italia, dove diventa presto ballerino [&hellip;]","og_url":"https:\/\/bolognaballetcompetition.com\/it\/jury\/elek-tibor-zsolt\/","og_site_name":"Bologna ballet competition","article_modified_time":"2023-05-16T17:46:21+00:00","og_image":[{"width":400,"height":400,"url":"https:\/\/bolognaballetcompetition.com\/wp-content\/uploads\/2023\/02\/elek-tibor-zsolt-1.webp","type":"image\/webp"}],"twitter_card":"summary_large_image","twitter_misc":{"Tempo di lettura stimato":"1 minuto"},"schema":{"@context":"https:\/\/schema.org","@graph":[{"@type":"WebPage","@id":"https:\/\/bolognaballetcompetition.com\/it\/jury\/elek-tibor-zsolt\/","url":"https:\/\/bolognaballetcompetition.com\/it\/jury\/elek-tibor-zsolt\/","name":"Elek Tibor Zsolt - Bologna ballet competition","isPartOf":{"@id":"https:\/\/bolognaballetcompetition.com\/it\/#website"},"primaryImageOfPage":{"@id":"https:\/\/bolognaballetcompetition.com\/it\/jury\/elek-tibor-zsolt\/#primaryimage"},"image":{"@id":"https:\/\/bolognaballetcompetition.com\/it\/jury\/elek-tibor-zsolt\/#primaryimage"},"thumbnailUrl":"https:\/\/bolognaballetcompetition.com\/wp-content\/uploads\/2023\/02\/elek-tibor-zsolt-1.webp","datePublished":"2023-04-04T15:20:10+00:00","dateModified":"2023-05-16T17:46:21+00:00","breadcrumb":{"@id":"https:\/\/bolognaballetcompetition.com\/it\/jury\/elek-tibor-zsolt\/#breadcrumb"},"inLanguage":"it-IT","potentialAction":[{"@type":"ReadAction","target":["https:\/\/bolognaballetcompetition.com\/it\/jury\/elek-tibor-zsolt\/"]}]},{"@type":"ImageObject","inLanguage":"it-IT","@id":"https:\/\/bolognaballetcompetition.com\/it\/jury\/elek-tibor-zsolt\/#primaryimage","url":"https:\/\/bolognaballetcompetition.com\/wp-content\/uploads\/2023\/02\/elek-tibor-zsolt-1.webp","contentUrl":"https:\/\/bolognaballetcompetition.com\/wp-content\/uploads\/2023\/02\/elek-tibor-zsolt-1.webp","width":400,"height":400},{"@type":"BreadcrumbList","@id":"https:\/\/bolognaballetcompetition.com\/it\/jury\/elek-tibor-zsolt\/#breadcrumb","itemListElement":[{"@type":"ListItem","position":1,"name":"Home","item":"https:\/\/bolognaballetcompetition.com\/it\/"},{"@type":"ListItem","position":2,"name":"Elek Tibor Zsolt"}]},{"@type":"WebSite","@id":"https:\/\/bolognaballetcompetition.com\/it\/#website","url":"https:\/\/bolognaballetcompetition.com\/it\/","name":"Bologna ballet competition","description":"","publisher":{"@id":"https:\/\/bolognaballetcompetition.com\/it\/#organization"},"potentialAction":[{"@type":"SearchAction","target":{"@type":"EntryPoint","urlTemplate":"https:\/\/bolognaballetcompetition.com\/it\/?s={search_term_string}"},"query-input":{"@type":"PropertyValueSpecification","valueRequired":true,"valueName":"search_term_string"}}],"inLanguage":"it-IT"},{"@type":"Organization","@id":"https:\/\/bolognaballetcompetition.com\/it\/#organization","name":"Bologna ballet competition","url":"https:\/\/bolognaballetcompetition.com\/it\/","logo":{"@type":"ImageObject","inLanguage":"it-IT","@id":"https:\/\/bolognaballetcompetition.com\/it\/#\/schema\/logo\/image\/","url":"https:\/\/bolognaballetcompetition.com\/wp-content\/uploads\/2023\/02\/bologna-ballet-competition.svg","contentUrl":"https:\/\/bolognaballetcompetition.com\/wp-content\/uploads\/2023\/02\/bologna-ballet-competition.svg","width":390,"height":130,"caption":"Bologna ballet competition"},"image":{"@id":"https:\/\/bolognaballetcompetition.com\/it\/#\/schema\/logo\/image\/"}}]}},"_links":{"self":[{"href":"https:\/\/bolognaballetcompetition.com\/it\/wp-json\/wp\/v2\/jury\/571","targetHints":{"allow":["GET"]}}],"collection":[{"href":"https:\/\/bolognaballetcompetition.com\/it\/wp-json\/wp\/v2\/jury"}],"about":[{"href":"https:\/\/bolognaballetcompetition.com\/it\/wp-json\/wp\/v2\/types\/jury"}],"wp:featuredmedia":[{"embeddable":true,"href":"https:\/\/bolognaballetcompetition.com\/it\/wp-json\/wp\/v2\/media\/655"}],"wp:attachment":[{"href":"https:\/\/bolognaballetcompetition.com\/it\/wp-json\/wp\/v2\/media?parent=571"}],"curies":[{"name":"wp","href":"https:\/\/api.w.org\/{rel}","templated":true}]}}

<p>Nato nel 1971 in Ungheria. Studia all&#8217;Accademia di Danza Ungherese come ballerino classico dal 1983 al 1991.<br />
Ha iniziato la sua carriera come ballerino nella compagnia di balletto dell&#8217;Opera di Stato Ungherese e dal 1993 al 1996 è stato ballerino alla Wiener Volksoper – Austria.<br />
Nel 1997 si trasferisce in Italia, dove diventa presto ballerino solista con la compagnia Astra Roma Ballet (1997-2000) e poi con il Balletto di Roma.<br />
Durante i suoi anni in Italia è stato socio fondatore e docente della scuola di ballo Centro Culturale danza fino al 2001. Presto è tornato in Ungheria, dove si è avvicinato al mondo della televisione come redattore-reporter per la televisione TV2.<br />
Nel 2005 è entrato a far parte del coro del Teatro Nazionale di Győr e ha lavorato come maestro di ballo presso la Scuola di danza e belle arti di Győr e dal 2012 come capo della formazione pratica della scuola. Nel 2008 fonda le Scuole di Danza Classica a Komarno – Slovacchia dove realizza molte coreografie per bambini e collabora con la Compagnia Giovani Attori, dove realizza coreografie per la Compagnia per 3 anni. Nello stesso periodo ha aperto altre 2 scuole di ballo della sua città con lo stesso nome di Classica Ballet School e con cui ha lavorato fino al 2018.<br />
Nel 2013 si è diplomato presso l&#8217;Accademia di Danza Ungherese con un Master of Art MA in Danza Classica.<br />
Dal 2016 è Maestro di Ballo presso la Ballettakademie der Wiener Staatsoper.<br />
Ha rappresentato l&#8217;Accademia come membro della giuria in diversi concorsi di balletto e ha tenuto corsi di balletto come maestro di balletto ospite per il Miskolc Ballet e il Győr Ballet.<br />
Come maestro di balletto ospite ha partecipato al corso estivo a Pirano, in Slovenia, e ai corsi di balletto organizzati dalla Belgrade Dance Foundation a Corfù e Belgrado.</p>

<!-- This site is optimized with the Yoast SEO plugin v27.4 - https://yoast.com/product/yoast-seo-wordpress/ -->
<title>Elek Tibor Zsolt - Bologna ballet competition</title>
<meta name="robots" content="index, follow, max-snippet:-1, max-image-preview:large, max-video-preview:-1" />
<link rel="canonical" href="https://bolognaballetcompetition.com/it/jury/elek-tibor-zsolt/" />
<meta property="og:locale" content="it_IT" />
<meta property="og:type" content="article" />
<meta property="og:title" content="Elek Tibor Zsolt - Bologna ballet competition" />
<meta property="og:description" content="Nato nel 1971 in Ungheria. Studia all&#8217;Accademia di Danza Ungherese come ballerino classico dal 1983 al 1991. Ha iniziato la sua carriera come ballerino nella compagnia di balletto dell&#8217;Opera di Stato Ungherese e dal 1993 al 1996 è stato ballerino alla Wiener Volksoper – Austria. Nel 1997 si trasferisce in Italia, dove diventa presto ballerino [&hellip;]" />
<meta property="og:url" content="https://bolognaballetcompetition.com/it/jury/elek-tibor-zsolt/" />
<meta property="og:site_name" content="Bologna ballet competition" />
<meta property="article:modified_time" content="2023-05-16T17:46:21+00:00" />
<meta property="og:image" content="https://bolognaballetcompetition.com/wp-content/uploads/2023/02/elek-tibor-zsolt-1.webp" />
	<meta property="og:image:width" content="400" />
	<meta property="og:image:height" content="400" />
	<meta property="og:image:type" content="image/webp" />
<meta name="twitter:card" content="summary_large_image" />
<meta name="twitter:label1" content="Tempo di lettura stimato" />
	<meta name="twitter:data1" content="1 minuto" />
<script type="application/ld+json" class="yoast-schema-graph">{"@context":"https:\/\/schema.org","@graph":[{"@type":"WebPage","@id":"https:\/\/bolognaballetcompetition.com\/it\/jury\/elek-tibor-zsolt\/","url":"https:\/\/bolognaballetcompetition.com\/it\/jury\/elek-tibor-zsolt\/","name":"Elek Tibor Zsolt - Bologna ballet competition","isPartOf":{"@id":"https:\/\/bolognaballetcompetition.com\/it\/#website"},"primaryImageOfPage":{"@id":"https:\/\/bolognaballetcompetition.com\/it\/jury\/elek-tibor-zsolt\/#primaryimage"},"image":{"@id":"https:\/\/bolognaballetcompetition.com\/it\/jury\/elek-tibor-zsolt\/#primaryimage"},"thumbnailUrl":"https:\/\/bolognaballetcompetition.com\/wp-content\/uploads\/2023\/02\/elek-tibor-zsolt-1.webp","datePublished":"2023-04-04T15:20:10+00:00","dateModified":"2023-05-16T17:46:21+00:00","breadcrumb":{"@id":"https:\/\/bolognaballetcompetition.com\/it\/jury\/elek-tibor-zsolt\/#breadcrumb"},"inLanguage":"it-IT","potentialAction":[{"@type":"ReadAction","target":["https:\/\/bolognaballetcompetition.com\/it\/jury\/elek-tibor-zsolt\/"]}]},{"@type":"ImageObject","inLanguage":"it-IT","@id":"https:\/\/bolognaballetcompetition.com\/it\/jury\/elek-tibor-zsolt\/#primaryimage","url":"https:\/\/bolognaballetcompetition.com\/wp-content\/uploads\/2023\/02\/elek-tibor-zsolt-1.webp","contentUrl":"https:\/\/bolognaballetcompetition.com\/wp-content\/uploads\/2023\/02\/elek-tibor-zsolt-1.webp","width":400,"height":400},{"@type":"BreadcrumbList","@id":"https:\/\/bolognaballetcompetition.com\/it\/jury\/elek-tibor-zsolt\/#breadcrumb","itemListElement":[{"@type":"ListItem","position":1,"name":"Home","item":"https:\/\/bolognaballetcompetition.com\/it\/"},{"@type":"ListItem","position":2,"name":"Elek Tibor Zsolt"}]},{"@type":"WebSite","@id":"https:\/\/bolognaballetcompetition.com\/it\/#website","url":"https:\/\/bolognaballetcompetition.com\/it\/","name":"Bologna ballet competition","description":"","publisher":{"@id":"https:\/\/bolognaballetcompetition.com\/it\/#organization"},"potentialAction":[{"@type":"SearchAction","target":{"@type":"EntryPoint","urlTemplate":"https:\/\/bolognaballetcompetition.com\/it\/?s={search_term_string}"},"query-input":{"@type":"PropertyValueSpecification","valueRequired":true,"valueName":"search_term_string"}}],"inLanguage":"it-IT"},{"@type":"Organization","@id":"https:\/\/bolognaballetcompetition.com\/it\/#organization","name":"Bologna ballet competition","url":"https:\/\/bolognaballetcompetition.com\/it\/","logo":{"@type":"ImageObject","inLanguage":"it-IT","@id":"https:\/\/bolognaballetcompetition.com\/it\/#\/schema\/logo\/image\/","url":"https:\/\/bolognaballetcompetition.com\/wp-content\/uploads\/2023\/02\/bologna-ballet-competition.svg","contentUrl":"https:\/\/bolognaballetcompetition.com\/wp-content\/uploads\/2023\/02\/bologna-ballet-competition.svg","width":390,"height":130,"caption":"Bologna ballet competition"},"image":{"@id":"https:\/\/bolognaballetcompetition.com\/it\/#\/schema\/logo\/image\/"}}]}</script>
<!-- / Yoast SEO plugin. -->

Nato nel 1971 in Ungheria. Studia all&#8217;Accademia di Danza Ungherese come ballerino classico dal 1983 al 1991. Ha iniziato la sua carriera come ballerino nella compagnia di balletto dell&#8217;Opera di Stato Ungherese e dal 1993 al 1996 è stato ballerino alla Wiener Volksoper – Austria. Nel 1997 si trasferisce in Italia, dove diventa presto ballerino [&hellip;]
